744132.
2, 677, 3229
List the prime factors of 162454.
2, 43, 1889
What are the prime factors of 23815498?
2, 7, 61, 79, 353
What are the prime factors of 3065259?
3, 1021753
List the prime factors of 184433.
17, 19, 571
What are the prime factors of 2849814?
2, 3, 11, 37, 389
List the prime factors of 2827305.
3, 5, 13, 179
What are the prime factors of 1040860?
2, 5, 71, 733
What are the prime factors of 21452688?
2, 3, 16553
What are the prime factors of 778681?
778681
List the prime factors of 12228603.
3, 4076201
List the prime factors of 15030104.
2, 443, 4241
List the prime factors of 280266.
2, 3, 7, 6673
List the prime factors of 251216.
2, 7, 2243
What are the prime factors of 4036919?
61, 66179
What are the prime factors of 3684411?
3, 409379
What are the prime factors of 141266?
2, 23, 37, 83
List the prime factors of 20246988.
2, 3, 29, 73, 797
What are the prime factors of 2099693?
23, 91291
What are the prime factors of 2717839?
2717839
List the prime factors of 469110.
2, 3, 5, 19, 823
List the prime factors of 1261571.
1261571
List the prime factors of 247253.
97, 2549
List the prime factors of 127428.
2, 3, 7, 37, 41
List the prime factors of 827618.
2, 11, 37619
What are the prime factors of 1181810?
2, 5, 7, 16883
List the prime factors of 3789979.
257, 14747
What are the prime factors of 2183?
37, 59
What are the prime factors of 1752031?
1752031
List the prime factors of 4888855.
5, 31, 31541
What are the prime factors of 462607?
462607
List the prime factors of 16016997.
3, 2017, 2647
List the prime factors of 3561824.
2, 7, 15901
List the prime factors of 17323.
17, 1019
What are the prime factors of 287910?
2, 3, 5, 7, 457
List the prime factors of 260841.
3, 7, 12421
List the prime factors of 2565307.
47, 54581
What are the prime factors of 292700?
2, 5, 2927
What are the prime factors of 4555?
5, 911
List the prime factors of 568124.
2, 142031
List the prime factors of 3043184.
2, 41, 4639
List the prime factors of 6069031.
1427, 4253
What are the prime factors of 1627650?
2, 3, 5, 3617
List the prime factors of 3881165.
5, 776233
List the prime factors of 29609516.
2, 79, 93701
List the prime factors of 14741724.
2, 3, 179, 6863
What are the prime factors of 17754564?
2, 3, 1479547
List the prime factors of 28606732.
2, 7, 11, 131, 709
What are the prime factors of 191729?
19, 10091
List the prime factors of 1272401.
13, 7529
What are the prime factors of 314123?
31, 10133
List the prime factors of 1208570.
2, 5, 11, 10987
List the prime factors of 14492015.
5, 1373, 2111
What are the prime factors of 15124?
2, 19, 199
List the prime factors of 127277.
127277
List the prime factors of 1536711.
3, 11, 46567
What are the prime factors of 5395705?
5, 7, 31, 4973
What are the prime factors of 12670023?
3, 383, 11027
List the prime factors of 678430.
2, 5, 67843
List the prime factors of 10421033.
7, 199, 7481
List the prime factors of 151023.
3, 50341
What are the prime factors of 1376405?
5, 17, 16193
What are the prime factors of 1578639?
3, 526213
List the prime factors of 154453.
13, 109
What are the prime factors of 1705134?
2, 3, 17, 73, 229
List the prime factors of 561222.
2, 3, 19, 547
What are the prime factors of 1761285?
3, 5, 17, 6907
What are the prime factors of 472549?
7, 11, 17, 19
What are the prime factors of 14285860?
2, 5, 193, 3701
List the prime factors of 10427655.
3, 5, 7, 47, 2113
List the prime factors of 1990337.
1990337
List the prime factors of 25065934.
2, 12532967
What are the prime factors of 399860?
2, 5, 19993
What are the prime factors of 4646259?
3, 516251
List the prime factors of 1559610.
2, 3, 5, 13, 31, 43
What are the prime factors of 196510?
2, 5, 43, 457
List the prime factors of 3162933.
3, 351437
What are the prime factors of 19779356?
2, 23, 214993
List the prime factors of 1232189.
7, 103, 1709
What are the prime factors of 11244953?
23, 29, 733
List the prime factors of 257683.
127, 2029
List the prime factors of 14779951.
53, 278867
What are the prime factors of 18128811?
3, 6042937
What are the prime factors of 1429365?
3, 5, 7, 13613
What are the prime factors of 14372098?
2, 13, 101, 421
What are the prime factors of 804229?
43, 59, 317
What are the prime factors of 51841?
47, 1103
List the prime factors of 19359492.
2, 3, 677, 2383
List the prime factors of 2335635.
3, 5, 73, 79
List the prime factors of 1135733.
1135733
List the prime factors of 6333716.
2, 29, 54601
List the prime factors of 1553143.
641, 2423
What are the prime factors of 4012692?
2, 3, 127, 2633
List the prime factors of 474597.
3, 52733
What are the prime factors of 1028578?
2, 514289
List the prime factors of 68717.
11, 6247
List the prime factors of 6751482.
2, 3, 17, 66191
List the prime factors of 3901492.
2, 7, 139339
What are the prime factors of 1839787?
1839787
List the prime factors of 534332.
2, 133583
List the prime factors of 7855511.
71, 110641
What are the prime factors of 887564?
2, 221891
What are the prime factors of 23494825?
5, 939793
List the prime factors of 140077.
7, 20011
List the prime factors of 2138644.
2, 534661
List the prime factors of 482336.
2, 15073
List the prime factors of 88941.
3, 23, 1289
List the prime factors of 245076.
2, 3, 13, 1571
What are the prime factors of 1004227?
7, 143461
List the prime factors of 78741.
3, 13, 673
List the prime factors of 207862.
2, 43, 2417
What are the prime factors of 1063055?
5, 7, 4339
List the prime factors of 682387.
23, 29669
What are the prime factors of 131846?
2, 11, 13, 461
What are the prime factors of 686846?
2, 343423
What are the prime factors of 103192?
2, 12899
List the prime factors of 11066948.
2, 2766737
List the prime factors of 3187491.
3, 1062497
List the prime factors of 196039.
196039
List the prime factors of 813784.
2, 101723
List the prime factors of 21680966.
2, 31, 59, 5927
What are the prime factors of 20216150?
2, 5, 404323
What are the prime factors of 602797?
13, 89, 521
What are the prime factors of 212259?
3, 70753
What are the prime factors of 177343?
109, 1627
What are the prime factors of 243967?
17, 113, 127
What are the prime factors of 323642?
2, 11, 47, 313
What are the prime factors of 8308198?
2, 23, 109, 1657
List the prime factors of 381903.
3, 127301
List the prime factors of 24690623.
4513, 5471
What are the prime factors of 174216?
2, 3, 7, 17, 61
What are the prime factors of 6579397?
11, 598127
List the prime factors of 3101768.
2, 387721
What are the prime factors of 193478?
2, 96739
What are the prime factors of 536784?
2, 3, 53, 211
List the prime factors of 657088.
2, 10267
List the prime factors of 475782.
2, 3, 179, 443
What are the prime factors of 976384?
2, 1907
List the prime factors of 1366034.
2, 61, 11197
List the prime factors of 400338.
2, 3, 23, 967
What are the prime factors of 379682?
2, 229, 829
List the prime factors of 1121635.
5, 224327
What are the prime factors of 3579?
3, 1193
List the prime factors of 198274.
2, 99137
What are the prime factors of 120821?
19, 6359
What are the prime factors of 948860?
2, 5, 11, 19, 227
What are the prime factors of 21813637?
23, 223, 4253
What are the prime factors of 1551660?
2, 3, 5, 11, 2351
What are the prime factors of 1940259?
3, 31, 673
List the prime factors of 7571341.
17, 73, 6101
What are the prime factors of 25553104?
2, 1597069
List the prime factors of 15910953.
3, 5303651
List the prime factors of 6559442.
2, 1811
List the prime factors of 9310672.
2, 7, 59, 1409
List the prime factors of 112254.
2, 3, 53, 353
What are the prime factors of 156319?
156319
What are the prime factors of 412218?
2, 3, 22901
What are the prime factors of 16114550?
2, 5, 101, 3191
What are the prime factors of 1899861?
3, 633287
List the prime factors of 220223.
191, 1153
What are the prime factors of 15047577?
3, 131, 12763
What are the prime factors of 956015?
5, 71, 2693
List the prime factors of 808222.
2, 19, 21269
List the prime factors of 2054467.
17, 120851
What are the prime factors of 9391?
9391
List the prime factors of 1191576.
2, 3, 131, 379
List the prime factors of 516325.
5, 19, 1087
List the prime factors of 5782165.
5, 29, 39877
What are the prime factors of 364448?
2, 7, 1627
What are the prime facto